p**7/2520 + p**6/180 + 7*p**5/120 + p**4 - 18*p. Let t(f) be the third derivative of n(f). Determine t(6).
-5
Let u(k) = 7*k + 1. Suppose 0 = q + 5*h + 5, -4*q + 0*q + 1 = -h. Let v = q + -3. Let a = -4 - v. Give u(a).
-6
Let i(k) = -4*k**2 - 5*k + 4. Let t(f) = -3*f**2 - 6*f + 2. Let q(v) = -2*i(v) + 3*t(v). Let p = -5 - 2. Determine q(p).
5
Let f(i) be the second derivative of i**3/2 + i**2/2 - 3*i. Let r = 39 - 41. Calculate f(r).
-5
Suppose -13*v = -48*v - 105. Let j(q) be the second derivative of -q**5/20 - q**4/6 - 2*q**3/3 - 3*q**2/2 - 2*q. Calculate j(v).
18
Let z(k) = k. Let p = -15 + 6. Let g = 16 + p. Let u be g - (-2 - (-3 - 1)). Calculate z(u).
5
Let i(f) = -2*f - 12. Suppose 3*v - 128 + 37 = -4*p, -v - 4*p + 25 = 0. Suppose 5*m - 32 = 5*z + 33, -v = z - 5*m. What is i(z)?
4
Let c(w) = -4*w + 2*w + 0*w - w**2. Suppose 4*k + 20 = 4. What is c(k)?
-8
Let y(x) = -9*x**3 + 1. Let w(u) = 11 + 2*u + u**2 - 3*u - 12. Let f(l) = -2*l - 2. Let h(i) = f(i) + w(i). Let g be h(4). Determine y(g).
-8
Let c(n) = -19*n**2 - n + 1. Let d be 2/(12/10) + 96/(-144). What is c(d)?
-19
Let t(i) = -i**2 + 9. Let j be t(0). Let d = j + -8. Let h(a) = -5*a**3 - a**2 + a. Determine h(d).
-5
Let n = -311 - -308. Let l(m) be the third derivative of m**5/60 + m**4/24 - m**3/3 + m**2. Calculate l(n).
4
Let u(l) = 7. Let b(p) be the second derivative of -p**3/6 + 4*p**2 + 30*p. Let n(j) = -2*b(j) + 3*u(j). What is n(-6)?
-7
Let s(k) be the first derivative of k**2/2 + k - 1. Let g(n) = -6*n + 4. Let u(m) = g(m) - 5*s(m). Let t be ((-3)/(-21))/((-7)/49). Determine u(t).
10
Let r(u) = -u**3 + u**2 - u + 3. Let q be r(-3). Let n = q - 30. Let i be 8/n - 8/(-6). Let c(s) = -4*s**2 + 2*s - 2. Calculate c(i).
-14
Suppose z + 9 - 6 = 0. Let q(w) = -w**3 - 6*w**2 + 5*w + 6. Let c(d) = 2*d**3 + 12*d**2 - 9*d - 13. Let s(i) = z*c(i) - 5*q(i). Calculate s(-6).
-3
Let n(z) = 6*z**2 + 18*z + 3. Let y(v) = v**2 + 2*v + 1. Let r(w) = n(w) - 5*y(w). Let q(l) = -l - 2. Let t be q(4). Determine r(t).
-14
Let y(v) be the first derivative of 1/4*v**4 + 2*v - 12 - 1/2*v**2 - 1/3*v**3. Determine y(2).
4
Let j(p) = -3*p + 3 - 1 + 5 - p**2. Let b(y) = 21*y - 68. Let c be b(3). What is j(c)?
-3
Suppose 10 = 368*l - 363*l. Let y(r) be the third derivative of 6*r**l + 0*r + 0 + 1/24*r**4 + 7/3*r**3. What is y(-7)?
7
Let f(q) be the second derivative of q**4/12 + 2*q**3/3 - q**2 - 2*q. Suppose w - 11 = 4*a, a - 28 = 3*a + 4*w. Calculate f(a).
-2
Let g(j) = 0 - 2*j**2 + 2*j + 4*j - 1. Let y(r) be the third derivative of r**5/15 - r**4/24 - r**3/6 - 15*r**2. Let b be y(-1). What is g(b)?
-9
Let l(v) = -v**3 - 6*v**2 + 19*v + 43. Let i be l(-8). Let z(o) = -o**2 + 17*o + 35. Give z(i).
-3
Let s(o) = o**2 - 5*o + 1. Let k(d) be the first derivative of d**4 + 2*d**3/3 - d**2 + d + 14. Let c be k(1). Give s(c).
1
Let g(f) = 6*f - 4*f**2 - f + 5*f**2 + 3. Suppose -15*c + 7 = 2*h - 18*c, 0 = -4*h - 4*c - 36. Calculate g(h).
-1
Let w = 105 + -101. Let n(x) = -3*x + 4 + 5*x - w*x. Give n(-6).
16
Let z(y) = -8 - 2893*y - 2887*y + 5765*y - y**2. Determine z(-15).
-8
Let m(y) = y**3 + 6*y**2 - 7*y - 4. Let z be m(-7). Let f be z/16*4 + (1 - 0). Let d(v) = 2*v + 0 - 4 - v. Give d(f).
-4
Let k(d) = -115*d - 701. Let h be k(-6). Let s(r) = r**3 + 11*r**2 - 6. What is s(h)?
-6
Let z(m) = -2*m + 10. Let u be z(7). Let t(v) = 50 - 21 + v - 26. What is t(u)?
-1
Let h = -22 + 18. Let q be (0/(h/(-4)))/(-1). Let m(b) = b**2 + 3*b - 9. Let j(o) = o**2 + 2*o - 8. Let d(z) = 4*j(z) - 3*m(z). Determine d(q).
-5
Let c(v) = -v**2 + v + 4. Let z(m) = -m**2 - m + 6. Let r be z(3). Let j be 17/51 + 0 + 2/r. Give c(j).
4
Let h(o) = 9*o**3 + 2*o**2 - o. Let w = 438 - 437. What is h(w)?
10
Let g be ((-246)/(-9))/((-1)/(-6)). Suppose 0 = -5*a - 64 + g. Let d = a - 25. Let x(w) = w**3 + 5*w**2 + 2*w + 1. Calculate x(d).
-9
Let c(w) = -2*w. Let y = -214 - -212. What is c(y)?
4
Let c(n) be the second derivative of n**4/8 - 5*n**3/6 + n**2 + n. Let x(q) be the first derivative of c(q). Let a = 158 - 152. Give x(a).
13
Suppose 2*i + 3*i = -3*j + 8, 16 = 5*i + j. Let r(f) = f**3 - 20*f + 22*f - i*f**2 + f**2 - 1. What is r(1)?
-1
Let l(y) = y + 4. Suppose 0 = c - 0 - 4, 3*c - 134 = k. Let u = k + 122. Determine l(u).
4
Let k(z) = 4*z - 1. Let b(c) = -21*c + 10. Let u(l) = b(l) + 5*k(l). Calculate u(6).
-1
Let y(t) be the third derivative of t**6/120 + t**5/30 - t**4/24 - 2*t**3/3 - 475*t**2. Let h = -3 + 0. Determine y(h).
-10
Let h(b) = b + 5. Let c be 2/(-13) - (-1694)/(-143). Let o = c + 6. Give h(o).
-1
Suppose 261 = -36*v + 81. Let f(a) = 5*a + 5. Let n(b) = -4*b - 4. Let s(r) = 3*f(r) + 4*n(r). Calculate s(v).
4
Let m(l) = -3 + 0*l + l + 1. Suppose -3*r + 9*t - 14 = 7*t, r - 12 = 4*t. Give m(r).
-10
Let k(s) be the second derivative of -s**3/3 - 13*s**2/2 - 13*s. Let a be k(-9). Let f(x) = -2*x + 7. Calculate f(a).
-3
Let v(d) = 3*d**2 + 9*d. Let l(g) = -6*g - 7*g - 7*g**2 + g - 7*g. Let a(i) = 2*i - 32. Let y be a(14). Let u(f) = y*l(f) - 9*v(f). Calculate u(4).
-4
Let u(s) = s**3 - 8*s**2 - 9*s - 4. Suppose -22 - 5 = -3*g. Calculate u(g).
-4
Let g(f) = f**2 + 7*f + 2. Let n be g(-7). Let a(s) = -4*s + s**n - 29 + 29. Give a(2).
-4
Let q(z) = 8*z. Suppose -6*t + 8 = -3*n - t, -4 = 2*n - 3*t. Let c(k) = 7*k - 1. Let s(a) = n*q(a) - 5*c(a). Determine s(6).
-13
Let a(x) = 7*x - 217. Let t(r) = r - 36. Let g(l) = -a(l) + 6*t(l). Let m(y) = -y + 4. Let v be m(0). Determine g(v).
-3
Let b(u) = 6*u - 18*u + 5*u**2 - 5*u**3 + 19*u - 9 + 4*u**3. Let a(p) = p**3 + 11*p**2 + 10*p + 6. Let j be a(-10). What is b(j)?
-3
Let d(o) = -3*o**3 - o**2 - o + 1. Suppose -2*p + 86 = 20. Let j = 34 - p. Give d(j).
-4
Suppose 5*o - 2 = n + 10, -4*n + 12 = 0. Let v(q) = q**3 - 3*q**2 + 4*q + 1. Give v(o).
13
Let m(p) = -2*p**2 + 16*p - 30. Let l be m(3). Let h(q) = -q - 11. Determine h(l).
-11
Let v(t) = 6188 - 3093 - 3100 + 4*t. Give v(5).
15
Let z = -18 - -20. Suppose c = s + z, c - 5*s - 14 = -s. Let y(d) = -d**3 + 3*d + 2. Give y(c).
4
Let a(v) = -v**2 - 4*v + 3. Suppose -8 = 5*q - 4*z - 30, -q = 2*z + 4. Determine a(q).
-9
Let t(y) = 3*y**2 + 7*y + 12. Let q(l) = -l**2 - 2*l - 8. Let k(r) = -r + 1. Let f(d) = -2*k(d) - q(d). Let s(b) = -5*f(b) + 2*t(b). Calculate s(5).
-11
Suppose -4*h - 36 = -28. Let g = -2 + h. Let r(v) = v**3 + 4*v**2 - v - 5. What is r(g)?
-1
Suppose 6*f + 18 = -0*f. Suppose 9 = 3*r - n, 4*r - n = -5*n + 28. Let g(i) = r + 3*i - 1 + i**2 + i. Determine g(f).
0
Let m(t) be the second derivative of t**3/6 + 6*t**2 - 389*t. What is m(7)?
19
Suppose -4*n + 5 = -4*t - 7, 9 = -3*n - 3*t. Let b(a) be the third derivative of -1/60*a**6 - 1/15*a**5 + 0*a**3 + n*a + 3*a**2 + 0 - 1/12*a**4. Give b(-2).
4
Suppose 5*c - 2*c - 12 = 0. Let b(g) = -5*g + 0*g**2 + g**2 - 2*g**2 + 4*g + c. Calculate b(-3).
-2
Let l(z) = z**2 + z. Let h(w) = -w**2 + 2*w + 6. Suppose 2*g - 2 = g. Let s(q) = g*l(q) + h(q). What is s(-4)?
6
Let o(c) = -c**3 + 2*c**2 + 7*c. Let j(q) = -2*q**3 + 5*q**2 + 15*q + 1. Let b(u) = -u + 2. Let m be b(6). Let g(n) = m*j(n) + 9*o(n). Calculate g(-3).
-4
Let i be -4*(-1)/(-4)*3. Let j(r) = 2*r**3 + 5*r**2 + 4*r + 1. Give j(i).
-20
Let q(m) be the second derivative of m**3/2 - 35*m**2/2 - 4*m. Let d be q(13). Let k(a) = -a**2 + 2*a + 4. What is k(d)?
-4
Let d(c) = 8*c**2 + 21*c + 9. Let x(v) = v + 1. Let l(h) = 2*d(h) - 6*x(h). Let p(f) = 3*f**2 + 7*f + 2. Let j(n) = 2*l(n) - 11*p(n). What is j(-4)?
6
Let r(a) be the second derivative of 7*a**5/20 + a**2/2 + 65*a. What is r(1)?
8
Let w = -475 + 479. Let g(f) = -f**2 + 2. Give g(w).
-14
Let l(f) be the first derivative of f**4/4 + 4*f**3/3 - 2*f - 28. Suppose -5*i + 17 + 3 = 0. Suppose i*o = -4*t - 8, t + 2*o + 6 = 3*o. Calculate l(t).
-2
Let d(b) = b - 1. Let y(c) = 21*c - 57*c - 9 + 21*c + 23*c. Let n(m) = 18*d(m) - 2*y(m). Suppose 2*o + i = -2 - 2, -3*o - 16 = -i. Calculate n(o).
-8
Suppose -3*x + r = -6*x + 1, 5*r = -3*x - 7. Suppose 3*k - 19 = -13. Let t(j) = 0*j**2 - j + 5*j**k + 0*j**2. Determine t(x).
4
Let l(v) = v**3 - 13*v**2 + 6*v + 15. Let w(b) = -b**3 - 13*b**2 - 44*b - 2. Let a be w(-7). Determine l(a).
-57
Suppose -d + 52 = 3*d. Suppose -3*w + d = 19. Let g(a) = 3*a**2 - a. Calculate g(w).
14
Let n(i) = i**2 + 4*i - 16. Let f(l) be the second derivati